2*b + 21, -j = j + 10. Suppose 3 = -3*w + b*t + 21, 5*t + 9 = 2*w. What is the remainder when w is divided by 4?
3
Let h = -4 + -4. Let o be 6/9 + h/(-6). Suppose -3*x - 5*z = -173, x - o*z - z = 39. What is the remainder when x is divided by 13?
12
Let t be (-4)/(-18) + (-100)/(-36). Suppose 41 = t*u - 19. Suppose -3*k + 58 = -2*k. What is the remainder when k is divided by u?
18
Let g be (3/(-2))/((-1)/(-4)). Let q be 20/(-3)*9/g. Suppose q = 2*v - 16. Calculate the remainder when v is divided by 7.
6
Let s(d) = -d - 8 - 2*d**2 - 12*d + d**2 + 4*d. Let n be s(-9). What is the remainder when 2 - 3*(n - 1) is divided by 10?
9
Let r = -25 - -28. Suppose 0 = -4*c + j + 18, c = -0*c + j + r. What is the remainder when 9 is divided by c?
4
Suppose l + 4*y + y = 19, 0 = -y + 3. Suppose 4*f = -t + 44, t + l*f - 38 = 2*f. Calculate the remainder when t is divided by 11.
10
Suppose 3*t - 40 = -2*t. Suppose 0 = -2*k - 3 + 23. Let h = -5 + k. What is the remainder when t is divided by h?
3
Let q be 4/6 + (-14)/21. Suppose 0 = -2*l - 8, -k + l = -q*k - 16. What is the remainder when 47 is divided by k?
11
Suppose 3*h - 3 = 0, -3*h = -2*u - 3*u + 17. Suppose -40 = -m - u*m. What is the remainder when 820/28 - (-2)/(-7) is divided by m?
5
Let r = 14 - 10. Let y = r + -2. Suppose 4*n = 5*q + 58, -2*n + y*q + 11 = -19. What is the remainder when n is divided by 9?
8
Calculate the remainder when (28/(-6))/((-5)/15) is divided by (2 - 4)/((-2)/5).
4
Suppose -139 - 106 = -5*o. Calculate the remainder when o is divided by 13.
10
Let b = 77 - 64. Calculate the remainder when 16 is divided by b.
3
Suppose d - 16 = -7. Let w = 22 - d. Calculate the remainder when 38 is divided by w.
12
Let o = 4 - 2. Suppose -27 = -k + 2*q - 6, -42 = -o*k - 5*q. Calculate the remainder when k is divided by 12.
9
Suppose p - 2*v = v + 8, 2*p = 4*v + 10. Let z be (-1 + (-1)/p)/1. Suppose z*m + 24 = 3*m - 2*x, 2*x = -4*m + 32. What is the remainder when m is divided by 5?
3
Let j(c) = -2*c - 1. Calculate the remainder when 18 is divided by j(-6).
7
Let o = -11 - -69. Calculate the remainder when o is divided by 12.
10
Let r(y) = -y**2 + 17*y + 10. What is the remainder when r(15) is divided by 22?
18
Calculate the remainder when 177 is divided by 4/18 - (-4730)/99 - 3.
42
Let c = -15 + 29. Let y be (-130)/18 + (-4)/(-18). Let p = 47 + y. What is the remainder when p is divided by c?
12
Let a(d) = d**2 - 8*d + 20. What is the remainder when a(9) is divided by 8?
5
Suppose -74 = 3*u + f, f = -5*u - 4*f - 120. Let v be (-8)/(-5) + (-10)/u. Suppose -3*x + 7 = -v. What is the remainder when x is divided by 2?
1
Suppose -1 = 3*w - 16. Suppose -n - n = 2, -w*n = -3*h + 68. What is the remainder when 61 is divided by h?
19
Let j(a) = a + 1. Let b be j(4). Let q = b + 14. Calculate the remainder when q is divided by 5.
4
Calculate the remainder when (201/(-4))/((-15)/20) is divided by 14.
11
Let n = 56 + -8. Calculate the remainder when n is divided by 17.
14
Let r(k) = k**2 - k. Let m be r(-1). Let w be -1 - (m - 2 - -2). What is the remainder when (26/5)/(w/(-15)) is divided by 9?
8
Suppose -57 = 6*b - 9*b. Let p(r) = 2*r - 11. Let n be p(9). Let l = b - n. Calculate the remainder when 33 is divided by l.
9
Let u = -11 + 15. Let r(g) = -g**2 - 7*g + 28. Calculate the remainder when r(-9) is divided by u.
2
Let i(d) = -3*d - 6. Let o be i(-7). Suppose -2*k + o = 3. What is the remainder when k is divided by 4?
2
Calculate the remainder when 4/(-3) - (-7935)/45 is divided by 44.
43
Suppose 3*a - 6*b = -2*b + 24, 8 = a - 5*b. Calculate the remainder when 13 is divided by a.
5
Suppose -3*o - 3*c = -2*c - 55, -3*o + 50 = -4*c. What is the remainder when 70 is divided by o?
16
Suppose -74 = -5*h - 19. Calculate the remainder when 64 is divided by h.
9
Suppose -5*h + 0*h + 3*a + 9 = 0, 2 = a. Suppose -59 = -4*k + h*x, 24 = 4*k + 4*x - 0*x. What is the remainder when 41 is divided by k?
8
Let c be 24/16*(3 - 1). Suppose 44 = -p + c*p. What is the remainder when p is divided by 8?
6
Suppose 5*d = -5, -q + 4*d + 0*d = -2. Suppose 2*k + 0*k = 3*a + 29, -5*k + 35 = 5*a. What is the remainder when q*1/(-2) + 18 is divided by k?
9
Suppose -2*r = -4*y, 3*r - y = 7*r - 27. What is the remainder when 29 is divided by r?
5
Suppose 0 = -2*p - p + 21. Let t be 1/(-2 + p/3). Suppose -3*j + t = -126. What is the remainder when j is divided by 11?
10
Suppose 64 = 4*v - 12. Calculate the remainder when 92 is divided by v.
16
Suppose -2*r - 2*b - 28 = -5*r, -4*r - 5*b + 68 = 0. Suppose -5*m = -2*m - r. Suppose -4*x = -m - 16. Calculate the remainder when 9 is divided by x.
4
Let l(v) = v**2 + 8*v + 10. Let q be l(-7). Suppose -3*i + 120 = -q*j, 0 = 5*i + 2*j - j - 182. Let n = i - 23. Calculate the remainder when n is divided by 5.
4
Suppose c + q + q - 17 = 0, 5*c + q = 130. Calculate the remainder when 4/(-4) + (-53)/(-1) is divided by c.
25
Let f = 195 - 68. Suppose t - 31 = -y - 0*t, 2*t + f = 5*y. Let c = 1 + y. What is the remainder when c is divided by 10?
8
Let s = -4 - -2. Let x(w) = -2*w + 4. Calculate the remainder when s/(-2) - 0 - -26 is divided by x(-3).
7
Suppose -2*y - 47 = 5*c, -2*c - 15 = c. Let s = 16 + y. What is the remainder when 9 is divided by s?
4
Let k = -7 + 42. Calculate the remainder when k is divided by 9.
8
Let o = 63 - 40. Suppose -v + 2*v = o. What is the remainder when 68 is divided by v?
22
Let u(x) = x**2 + 7*x + 4. Let l be u(-6). Let d = l + 2. Let m = 2 + d. Calculate the remainder when m is divided by 1.
0
Suppose j = -3, -a + 0*j + 2*j = -8. Let s(m) = -m**a - 6 + 0*m**2 - 12*m + 2*m. What is the remainder when 28 is divided by s(-7)?
13
Let h = -100 - -51. Let m = -16 - h. Calculate the remainder when m is divided by 12.
9
Suppose -g = -4*l - 66, 2*g - 74 = g - 4*l. What is the remainder when g is divided by 24?
22
Let p = 5 + -6. Let i be p*(-15 - 1)*1. Suppose -z = 3*z - i. Calculate the remainder when 10 is divided by z.
2
Let h = 39 + -26. What is the remainder when (3 - 2)/((2/(-49))/(-2)) is divided by h?
10
Calculate the remainder when 20 is divided by 3 + -5 + 6 + -1.
2
Let d(m) = m**3 - 6*m**2 - 6*m + 1. Suppose -2*i + l = -l - 8, -2*i + 2 = -4*l. What is the remainder when 29 is divided by d(i)?
5
Let m(n) = -8*n + 5. Let c be 4/10 - (-88)/(-20). What is the remainder when m(c) is divided by 19?
18
Let f(q) be the second derivative of q**3/2 - q. What is the remainder when f(6) is divided by 7?
4
Let c = -12 - -16. What is the remainder when (-2)/c + 123/2 is divided by 32?
29
Let r = -57 - -101. What is the remainder when r is divided by 19?
6
Suppose -4*n - 4 = y, 0 = 4*n + 4*y - 0 + 4. What is the remainder when 41 is divided by 2 - n/((-3)/(-36))?
13
Let l(t) = -8*t - 26. What is the remainder when l(-11) is divided by 16?
14
Suppose g + 0*g + 2*y - 23 = 0, 16 = 4*y. Calculate the remainder when 57 is divided by g.
12
Let i(m) = 3*m + 7. Let o be i(-6). Let x = o + 5. Let z(a) = a**3 + 5*a**2 - 9*a - 3. What is the remainder when 43 is divided by z(x)?
13
Suppose 2*u - 14 = 64. Let z(r) = r**3 - r**2 + r - 1. Suppose -2*f - 9 = -3*i - 0*f, 0 = 3*i - 3*f - 9. Calculate the remainder when u is divided by z(i).
19
Suppose 5*v = 20 + 10. Calculate the remainder when 22 is divided by v.
4
Let o = 18 - -185. Suppose 5*x = -13 + o. Let y = -4 - -17. What is the remainder when x is divided by y?
12
Let z(b) = 7*b - 2. Let k be z(4). What is the remainder when 35 is divided by k/2 + 2/(-2)?
11
Calculate the remainder when (13/2)/(1/2) is divided by 7.
6
Calculate the remainder when ((-39)/(-12) - -3)/(1/4) is divided by 10.
5
What is the remainder when (18/4)/(1/2) is divided by ((-40)/(-5))/(-16)*2*-3?
0
Suppose 7*s - 6*s = c + 248, 2*s - 471 = -3*c. Calculate the remainder when s is divided by 41.
38
Let y(p) = -p**2 - 11*p. Let h be y(-9). Suppose 0 = -4*s - 38 - h. Let i = 24 + s. Calculate the remainder when i is divided by 3.
1
Suppose 0 = d - 3, 55 + 6 = -4*p - d. Let w = p - -38. Suppose 3*v - 17 - w = 0. What is the remainder when 37 is divided by v?
11
Suppose 171 = 4*m - 45. Calculate the remainder when m is divided by 14.
12
Suppose 4*g = -12 + 52. Let x = g + -1. What is the remainder when x is divided by 3?
0
Suppose 4*s - 6 = 3*m + 8, 5*m + 16 = 3*s.